visor of 60 and n?
12
Suppose 7*l - 480 = -3*l. Let t be ((-12)/(-14))/(3/252). Calculate the highest common factor of l and t.
24
Suppose -u - 3*z = z - 24, 0 = u + z - 12. Let s(j) = 10*j - 7. Let i be s(7). Suppose u*m + i = 11*m. What is the greatest common factor of 14 and m?
7
Suppose 0 = 10*d + 9 - 59. Suppose -5*z = -5*h + 730, z + 942 = d*h + 224. What is the highest common divisor of h and 11?
11
Let d be (-30)/(-8) + (-7)/(-28). Calculate the greatest common divisor of d and 18.
2
Suppose -4*a - 26 - 98 = 0. Let q = a + 42. Suppose -2 = -4*x + 306. Calculate the highest common divisor of x and q.
11
Suppose 0 = t + 2*w - 9, -6 = 3*t + 2*w - 33. Let z be (-2)/((-4)/(-28)*-2). Suppose -2*c - 225 = -z*c. What is the greatest common divisor of t and c?
9
Let f = 1966 - 1354. Suppose 8*h - 627 = 4*h - n, 4*h - 4*n - f = 0. What is the highest common divisor of h and 12?
12
Suppose -5 + 19 = g. Let z be (-2)/7 + 20/70. Let o be z - (2/2 - 29). Calculate the greatest common divisor of o and g.
14
Let z be -2 - 8/4 - -108. Let a = z - 69. Suppose -5*h = -5*m + 25, -2*m + h = -3*h - 6. What is the highest common divisor of m and a?
7
Suppose k = 5*p - 7, -3*k + 9 = -0. Let o be 2/p + (53 - 0). Let y = -19 + 37. Calculate the greatest common divisor of o and y.
18
Let b(h) = 2*h**2 - 5*h - 32. Let i be b(-8). What is the highest common factor of i and 51?
17
Let u(v) = -38*v - 2. Let q be u(-5). Let n = q - 132. What is the highest common divisor of n and 14?
14
Let y be (-1 + -8909)/(-5) - 6. What is the greatest common factor of 111 and y?
111
Suppose -954 = -2*c + 2*t, 1902 = -2*c + 6*c + 2*t. Let h = c - 233. What is the greatest common divisor of 27 and h?
27
Suppose 0 = 3*g - 13 - 35. What is the greatest common divisor of 752 and g?
16
Let b be (80/140)/(4/70). What is the greatest common divisor of 95 and b?
5
Let p be 2/(-4) - (-3 - (-2043)/6). Let z = 602 + p. What is the greatest common divisor of 24 and z?
24
Let g(k) = 2*k**2 + 29 - 3*k + k + 6*k**2 - 7*k**2. Let l be g(0). Calculate the greatest common divisor of 232 and l.
29
Let g(j) = 10*j - 9 + 1 - j**3 - 3*j + 9*j + 14*j**2. Let h be g(15). Calculate the greatest common divisor of 91 and h.
7
Suppose 2*t + 0*t - 44 = 0. Suppose -34 + 164 + 62 = 96*p. What is the greatest common divisor of t and p?
2
Let l = -24 - -167. Suppose 4*s + 64 = -b + 107, -4*s = 4*b - 40. Calculate the greatest common factor of s and l.
11
Suppose 0 = 5*c + 2*c - 476. What is the highest common factor of 17 and c?
17
Suppose -o + 5 = -p, 0 = 2*o + 4*p - p. Let g(b) = 2*b + b**2 - 11 + 0*b**2 - 6*b. Let h be g(-4). Calculate the greatest common divisor of o and h.
3
Let m be -3 + 2 + 6 + -2. Let d(j) = -3*j**2 + 16*j**2 + j**m + 12*j + 4 + 10. Let b be d(-12). What is the highest common divisor of b and 14?
14
Let y = -54 - -186. Let m(i) = i**2 - 21*i + 122. Let o be m(11). What is the greatest common divisor of o and y?
12
Suppose 3*n + n = 220. Let z = n + 17. Suppose -4*q - 3*l + 42 = 0, -3*l = q - l - 13. Calculate the greatest common divisor of z and q.
9
Let w(u) = -29*u - 121. Let l be w(-5). Calculate the greatest common divisor of 15 and l.
3
Suppose -37 = 18*c + 233. Let n be ((-37)/20 - (-4)/16)*c. Calculate the highest common factor of n and 32.
8
Let d(l) = -10*l**2 + 14*l - 14. Let p(m) = 5*m**2 - 7*m + 7. Let t(v) = 2*d(v) + 5*p(v). Let x be t(6). Calculate the greatest common factor of x and 58.
29
Let p = 9 + -1. Let v(q) = -68*q - 4. Suppose 12*l + 0*l = -12. Let f be v(l). What is the greatest common divisor of p and f?
8
Let o = 126 + -78. What is the greatest common factor of o and 216?
24
Let l = 238 - 161. Calculate the greatest common divisor of l and 77.
77
Suppose 0*i = 3*i - 39. Suppose -53*y - i = -54*y. Calculate the greatest common factor of 26 and y.
13
Suppose -4*d + 5*s - s + 68 = 0, 4*d - 59 = s. Calculate the highest common divisor of 4 and d.
2
Let k(b) = -39*b + 796. Let d be k(8). Calculate the highest common divisor of d and 44.
44
Let g be (-1 - 5/(-2))*17248/168. Calculate the highest common divisor of 14 and g.
14
Suppose -5*j = -40 - 10. Let d be 2/10 - 2/j. Suppose d*z = 3*z - 240. Calculate the greatest common divisor of z and 10.
10
Let l(a) = 5*a**2 + 8*a - 4. Let o be l(6). Suppose o + 481 = -5*q. Let s be q*(-2)/6 + -2. Calculate the highest common factor of 5 and s.
5
Let z = -452 + 515. Calculate the highest common factor of 35 and z.
7
Let x = -36 - -72. Calculate the greatest common factor of x and 120.
12
Let o be 25 - ((-18)/(-12))/((-1)/(-2)). Let n = -22 - -55. What is the greatest common divisor of o and n?
11
Suppose 1142 = 10*s - 598. Calculate the highest common divisor of 6 and s.
6
Let w(z) = -17*z**2 - 4*z + 2. Let a be w(4). Let j be 6/9 + a/(-3). Suppose -7*u + 10*u = j. Calculate the highest common factor of u and 352.
32
Let f(m) = 2*m**2 + 5*m - 12. Suppose -5*w = -13 - 7. Let n be f(w). What is the greatest common divisor of 16 and n?
8
Let r(x) = x + 1. Let n be -1*(0 - -1) - -8. Let f be r(n). Let k(t) = 2*t**2 + 3*t. Let q be k(-4). What is the greatest common divisor of f and q?
4
Suppose 99 = q - 2*q - 4*u, -2*q - 210 = -4*u. Let b = 37 - q. What is the greatest common factor of b and 20?
20
Suppose 5*t + q = 34, 3*t - 3*q = t. Suppose -2*h = 4*u + t, -u = h + 2*h + 14. Calculate the highest common factor of u and 4.
1
Suppose -76*d + 74*d + 286 = 0. What is the highest common factor of 11 and d?
11
Let a = -9 - -20. Let d(z) = -6*z - 86. Let s(n) = -2*n - 29. Let m(p) = -4*d(p) + 11*s(p). Let c be m(-12). Calculate the greatest common factor of a and c.
1
Let u(y) = -2*y**3 - 5*y**2 - 2*y + 3. Let z be ((-6)/4)/(5/10). Let t be u(z). What is the greatest common divisor of t and 126?
18
Let h = -9 - -18. Suppose 0*y = 3*y - h. Suppose 5*l + 11 = -2*s, 2*s = -y*l + l - 2. Calculate the greatest common factor of 6 and s.
2
Let t(c) = -c**2 + 11*c + 13. Let i be t(13). Let r = 13 + i. Suppose r*p - 3*p = -63. Calculate the greatest common divisor of 3 and p.
3
Let t be (-2)/((-44)/12742) - 44/242. Suppose -3*z = 4*r - t, -z + 302 = 2*r + 13. Calculate the greatest common factor of r and 48.
48
Let k(u) = -u - 7. Let t be k(-7). Let z be 41 - t*4/(-8). Suppose -6*b + 5*d + 115 = -b, z = b + 5*d. Calculate the highest common factor of b and 13.
13
Suppose 7*i = m + 2*i + 51, 177 = -5*m - i. Let f = 14 + m. Let j = -16 - f. Calculate the highest common divisor of 4 and j.
2
Let g = -7 + -2. Let k be (0 + 6/(-4))*12/g. Calculate the highest common factor of 3 and k.
1
Let d be (766/4 - -2) + 6/4. Suppose -2*k - k = -2*x - d, k + 4*x - 51 = 0. What is the greatest common divisor of 21 and k?
21
Let f be 90/42*133/19. Calculate the highest common divisor of 1800 and f.
15
Let f(s) = s**3 - 10*s**2 - 169*s - 25. Let a be f(19). Let i(l) = -117*l**3 + l + 1. Let q be i(-1). What is the greatest common factor of q and a?
13
Suppose -2*k = 9745 - 9895. What is the greatest common divisor of k and 175?
25
Let l(a) = 194*a - 2. Let x be l(1). Calculate the greatest common factor of 24 and x.
24
Suppose 3*q + 2*y - 40 = 132, -2*q + y = -110. Let k(z) = -4*z + 7. Let s be k(11). Let b = q + s. Calculate the greatest common divisor of 19 and b.
19
Let s(q) = q**2 - 2*q. Let g be s(6). Let d = 4491 - 4395. What is the greatest common divisor of d and g?
24
Let u(w) be the third derivative of w**4/24 + w**3 + w**2. Let d be u(7). Calculate the greatest common divisor of d and 26.
13
Let g(p) = -13*p - 8. Let s be g(-6). Let r be 7238/s - 6/(-10). Calculate the greatest common divisor of r and 260.
52
Let d = 7 - 5. Suppose c - 4*c + 6 = 0. Suppose -c*q + 18 = 2*h, -9 = -0*h - 3*h. What is the highest common divisor of d and q?
2
Let q be -26*(16 + -3)/(2*-1). Calculate the highest common factor of q and 143.
13
Suppose 1118 + 331 = 21*q. Let c(g) = 2*g**2 - 2*g - 1. Let r be c(-3). Calculate the greatest common factor of r and q.
23
Let c be 4/(5 - 4) + -35. Let s = -28 - c. Suppose 56 = s*w + 11. Calculate the greatest common divisor of w and 15.
15
Suppose 0 = -0*q - 6*q + 12. Suppose -8*i - 8 = 3*d - 4*i, d - 14 = q*i. What is the highest common factor of d and 4?
4
Suppose 10*f + 40*f = 300. Calculate the greatest common factor of f an